be the first derivative of -1 + 3/2*k**2 - 5*k. Let t = -2387 - -2391. Give h(t).
7
Let l(m) = -9*m**2 + 5*m + 7. Let z(i) = 4*i**2 - 3*i - 4. Let k(x) = 3*l(x) + 7*z(x). Suppose 4*f + 8 - 32 = 0. Determine k(f).
-7
Suppose -2*o - 1 = j, -5*o - 2 = j + 11. Suppose -f - 6 = -j. Let r(w) = 4*w - w - w**2 + f + 0. Give r(5).
-9
Let n(i) be the first derivative of i**4/4 + 8*i**3/3 + 4*i + 25. Calculate n(-8).
4
Suppose 2*c = -2*c - 16. Let s be 0*(0 + 2/c). Let k(a) = -8*a + 18. Let o(v) = 3*v - 6. Let r(j) = -4*k(j) - 11*o(j). What is r(s)?
-6
Let u = 4 - 1. Let g(d) = -1 + 4*d**3 + 0*d**u + 0*d**3 - 3*d**3 - d**2. Determine g(0).
-1
Suppose x - 16 = 2*x. Let q be x/12*(-9)/6. Let u(w) = -w**3 + 3*w**2 + 2*w - 3. Determine u(q).
5
Suppose 0*o = o + 3. Let a(w) = 4*w - 4*w**2 + 3*w**3 - 4*w**3 + w**2. What is a(o)?
-12
Let f(b) = b - b - b + 0. Let y be 3 + -3 - 2 - -6. Suppose 3*d + 3 = 3*g, y*d + 4*g = 3*g + 16. Determine f(d).
-3
Suppose 5*f + 5 + 10 = 0. Let t be (f - -1)*(-18)/4. Let n be (1 + (-3)/t)*-3. Let x(a) = -3*a - 3. Give x(n).
3
Suppose -2*w = -4*b - 3*w - 17, 13 = -2*b + w. Let n(c) = c + 7. What is n(b)?
2
Suppose -3*w - 2 = 7. Let l(n) be the first derivative of -n**4/4 - 5*n**3/3 - 3*n**2/2 + 4*n + 9. Give l(w).
-5
Let j = -8 - 1. Let o(d) = d + 9. Let g be o(j). Let p be g - 6/(-2) - 0. Let h(a) = 2*a + 2. What is h(p)?
8
Let v(s) = -2*s + 1. Let q(x) = x + 0 + 4*x - x - 1. Let a be q(1). What is v(a)?
-5
Let x(p) be the first derivative of -p**3/3 + p**2/2 + 6. Let n be x(0). Let b(y) = 2*y - 3*y - 2*y**2 + y**2. Calculate b(n).
0
Let s(b) = -2*b**2 + 2*b + 3. Let j = -46 - -44. Determine s(j).
-9
Let u(m) be the first derivative of m**4/4 - m**3 - m**2/2 + 3*m - 12. What is u(4)?
15
Let g(i) = i**3 + 6*i**2 - 8*i - 6. Let q be g(-7). Let k(o) = 5*o**2 - o**2 + 0 + q. Give k(-1).
5
Let z(t) be the third derivative of t**5/60 - t**4/24 - 5*t**3/6 - 3*t**2 - 33*t. Suppose 3*w = w. What is z(w)?
-5
Suppose 6*p - p = 0. Let m be (-1 + p)*1 + 3. Let g(j) = -18*j**m + j**3 + 5*j + 13*j**2 + 1 - 3. Calculate g(3).
-5
Let s(y) = 2*y. Let z(c) = -c**3 - 5*c**2 - c - 1. Let g be z(-5). Let w be (24/9)/g*6. Give s(w).
8
Let n = -9 + 23. Suppose -4 = 2*u, -n = -z - 3*z + u. Let s(h) = -1 - z*h + h**2 - 5 + 2*h. Calculate s(0).
-6
Suppose 0 = -4*c + 8. Let q be 42/(-56) - 23/(-4). Let n(i) = 0*i - 5*i - 2*i**c + 2 + q*i. What is n(-2)?
-6
Let c(k) = 14*k - 3 - 6*k + 13*k**2 + k**3 - 30*k**2 + 10*k**2. Calculate c(6).
9
Let s(m) = 2*m**2 + m + 7. Let j(l) = 3*l**2 + 3*l + 13. Let k(u) = 4*j(u) - 7*s(u). Let c = 6 + -8. Let q be ((-4)/1)/c*2. What is k(q)?
-9
Suppose 0 = 39*d - 45*d + 36. Let m(x) = x**3 - 7*x**2 + 6*x + 7. Calculate m(d).
7
Let u(v) = -v + 7. Let m be u(14). Let p(o) = -o + 2. Calculate p(m).
9
Let k be 4/18 + 102/27. Let f(n) be the first derivative of -n**2 + 4*n + 41. What is f(k)?
-4
Let q(g) = g - 5*g + 12 - 4 + 3*g. Give q(8).
0
Let v(l) = l**3 + l**2 - 4*l + 3. Suppose 0 = h + 4*g - 14, -2*g + 2 + 0 = -2*h. Determine v(h).
7
Let x be ((-2 - -19) + -3)/(-2). Let b = 4 + x. Let v(t) = t**3 + 2*t**2 + 2. What is v(b)?
-7
Let y = 5 - 10. Let j be 2*y - -2 - -1. Let n(o) = -2*o**2 + 3*o + 4. Let i(q) = -5*q**2 + 5*q + 8. Let c(x) = j*n(x) + 3*i(x). Calculate c(-3).
5
Let h be (8 - 5) + (3 - 2). Suppose -h*v + v = 18. Let n(g) = -g - 1. Give n(v).
5
Let w(z) = z. Let k(h) = h**3 + 6*h**2 - h - 7. Let c be k(-6). Let s be (-2)/3*(2 - c). Let f be 8/2 + 0/s. What is w(f)?
4
Let i(k) = -2*k - 3. Let g be i(-4). Let r(h) be the third derivative of -h**5/60 + h**4/8 + 5*h**3/6 + 2*h**2. Determine r(g).
-5
Let t(g) = -g**2 + 9*g - 9. Let z be t(6). Let v = z - 9. Let q(h) = -h**2 + h - 6. Calculate q(v).
-6
Let t(o) = -6*o**2 - 4*o + 2. Let g(i) = -7*i**2 - 5*i + 2. Let k = 14 - 9. Let w(u) = u**2 - 6*u + 3. Let c be w(3). Let f(v) = c*t(v) + k*g(v). What is f(0)?
-2
Let i(l) be the first derivative of 1/2*l**2 + 0*l - 1/24*l**4 + 5/6*l**3 + 2. Let u(m) be the second derivative of i(m). Calculate u(-4).
9
Let f(n) = -n**3 - 3*n**2 - n - 1. Let v be (4/(-1))/((-8 + 6)*-1). Determine f(v).
-3
Let z(n) = -80*n - n**2 + 84*n + 0*n**2 - 5 + 0*n**2. Let l = 0 + 4. What is z(l)?
-5
Let j(p) = 6*p**2 + 6 - 5*p - 5*p**2 - 11. Calculate j(5).
-5
Let r(t) = t**2 - t + 2. Let x be 2/(-1*(-4)/2). Let o be (x/(-2))/(1/6). Calculate r(o).
14
Let o(m) be the first derivative of 4*m**3/3 + 3*m**2/2 - 11. What is o(-2)?
10
Let a(g) = -5*g + 1. Let h be (-3)/((-9)/24*-2). Let d be ((-6)/h)/(1/(-2)). Let x(i) = i**2 - 9*i + 1. Let f(j) = d*x(j) + 5*a(j). Give f(2).
-6
Let m(u) = -3*u + 3 - 6*u + u**2 + 6*u. Determine m(2).
1
Suppose 0*q + 24 = 4*p + 4*q, 2*q - 26 = -4*p. Let b(m) = -m**3 + 6*m**2 + 7*m + 2. Calculate b(p).
2
Let k(o) = o**3 + o**2 + o + 1. Let f(b) = -2*b**3 + b**2 - 11*b - 6. Let a(c) = -f(c) - 3*k(c). Let y be 78/(-15) - 4/(-20). Determine a(y).
-12
Let x(y) be the first derivative of y**2 + 4*y - 1. Let h = -3 + 7. Give x(h).
12
Let y(u) be the second derivative of u**4/12 + 7*u**3/6 - u**2 + 12*u. Determine y(-6).
-8
Let k(w) = w + 4*w - 6*w - 1 + 2. Let u be k(2). Let r = u - -5. Let a(x) = x - 4. Determine a(r).
0
Let m be 2/6*3/1. Let j(a) be the second derivative of a**4/3 + a**3/6 + 249*a. Determine j(m).
5
Let p(a) = -a**2 - 2*a - 1. Let g(m) = 3*m**2 + 3*m + 3. Let n(d) = 2*g(d) + 5*p(d). Determine n(5).
6
Let w(c) = -3*c - 12. Let x(j) = -2*j - 6. Let a(t) = -3*w(t) + 5*x(t). What is a(0)?
6
Let o(s) = -12*s**3 - 2*s - 1. Let v = 14 + -11. Suppose v = r + 4. Give o(r).
13
Let a(k) = 4*k + 3. Let g(c) = c + 23. Let w(f) = f + 11. Let l(n) = 6*g(n) - 13*w(n). Let t = 3 - 6. Let s(z) = t*l(z) - 5*a(z). Give s(5).
5
Let z = 2 - 0. Let v(q) be the first derivative of -q**z + 1 + 0*q**2 - 3. Give v(1).
-2
Suppose -2*s - 3*s = -5. Let h be (s - 3/6)*-10. Let u(d) be the third derivative of d**4/12 + 5*d**3/6 - 2*d**2. Determine u(h).
-5
Let g(o) = 2*o**2 - 15*o - 9. Let w(k) be the first derivative of -k**3/3 + 4*k**2 + 5*k + 2. Let r(q) = -6*g(q) - 11*w(q). What is r(3)?
-4
Let o(d) = -d - 4. Let x be o(-10). Let a(s) = 12 + s - 9 + s**2 - x. Give a(-3).
3
Let z(x) = -x**2 - 4*x. Let g be z(-3). Let t(c) = g*c**2 - 2 + 4*c**2 - 3 - 6*c**2 - 7*c. Give t(7).
-5
Let k(s) = -3*s + 4. Let m(n) be the third derivative of -n**4/24 + n**3/6 + n**2. Let y(f) = k(f) - 4*m(f). Let v = 360 - 366. Give y(v).
-6
Let i(k) = 5*k**2 + 7*k + 13. Let l(j) = 11*j**2 + 14*j + 27. Let u = 1 - -3. Let v(p) = u*l(p) - 9*i(p). Calculate v(-6).
-3
Let x(q) = -1 - 8*q + 8*q + 2*q + 0. Let o be (-1*(1 - 3))/1. Give x(o).
3
Let j(g) be the second derivative of g**3/6 - g**2 - 6*g. Give j(2).
0
Let r(n) = -2*n - 5. Let z(d) = 5*d**2 - 1. Let f be z(-1). Suppose 5*c = 6*c + f. Calculate r(c).
3
Let v(r) = r**2 - 8*r + 5. Suppose 0*h - 35 = -5*h. Let l be v(h). Let b(u) = u**2 + 2*u + 1. Determine b(l).
1
Let k = 0 - -11. Let h(n) = k*n - 5*n**2 - n**3 + 9*n + 1 - 23*n. Give h(-5).
16
Let v(j) = 5 + 3*j**2 + j**3 + 11*j - 12*j - 2*j**2. Determine v(0).
5
Let s(w) be the first derivative of -w**4/4 + w**2/2 - 11*w + 5. What is s(0)?
-11
Let f(s) = -5*s**3 + 2*s**2 - 1. Let v = -20 - -19. What is f(v)?
6
Let l(w) = -8*w + 17*w + 5 + w**2 + 0*w. Give l(-8).
-3
Let c(k) be the third derivative of -k**8/6720 + k**7/630 + 7*k**6/720 - k**5/30 + k**4/24 + 5*k**2. Let f(h) be the second derivative of c(h). What is f(5)?
6
Let c(v) = -4*v**2 + 3*v + 9. Let k(r) = 3*r**2 - 2*r - 8. Let q(t) = 4*c(t) + 5*k(t). Let g = 8 + -4. Suppose -4*y = n + 2 - 1, g*n - 15 = 3*y. What is q(n)?
-7
Let v be 1 + -1 + 0 - -2. Let h(y) be the first derivative of 1 + 0*y**2 - y - y**2 + 2*y**v. Calculate h(-4).
-9
Let o(p) = -270*p + 39*p**2 + 271*p - 40*p**2. Let j = 4 + -3. Give o(j).
0
Let k(j) be the second derivative of -j**3/6 + 2*j**2 + j. Let t = -5 - -2. Let w be (0 - 0/t)/3. Calculate k(w).
4
Let h(y) = 3 + 0*y - 3*y + 2*y. Determine h(3).
0
Let p = -10 - -6. Let d(f) = -6*f**2 - 2*f + 4. Let w(y) = -y**2 + 1. Let q = 16 - 15. Let s(x) = q*d(x) - 5*w(x). What is s(p)?
-9
Suppose j + j - 4 = 0. Let o(r) = -2*r**j - 8 + 2*r**3 - 3*r**3 + 5. Let m(k) = 4*k**3 + k**2 - k - 1. Let v be m(-1). Calculate o(v).
6
Let z(x) = -x**3 - 12*x**2 + 14*x - 1. Let n(h) = -2*h**3 - 23*h**